ate the greatest common divisor of 2028572 and 364.
364
What is the highest common divisor of 334830 and 10?
10
Calculate the greatest common divisor of 76302 and 972.
486
Calculate the greatest common factor of 9 and 977.
1
What is the greatest common factor of 4847 and 20567?
131
What is the highest common divisor of 6432 and 156?
12
Calculate the highest common factor of 894 and 1453197.
447
Calculate the greatest common factor of 591430 and 994.
994
Calculate the highest common factor of 6 and 7170402.
6
Calculate the greatest common factor of 5356 and 51706.
206
What is the greatest common factor of 2656236 and 528?
132
What is the greatest common factor of 34800 and 405?
15
Calculate the greatest common divisor of 793 and 1037244.
793
What is the highest common factor of 197 and 28?
1
Calculate the greatest common divisor of 500739 and 1992.
249
What is the highest common factor of 17890 and 2435?
5
What is the highest common divisor of 892 and 18509?
223
What is the highest common factor of 5442 and 480?
6
Calculate the highest common factor of 3975 and 86025.
75
What is the highest common divisor of 10527 and 3146?
121
Calculate the greatest common divisor of 26826 and 714.
102
What is the greatest common factor of 21101 and 16?
1
What is the highest common divisor of 160304 and 989?
43
What is the highest common divisor of 1470 and 80?
10
Calculate the greatest common divisor of 220540 and 20.
20
What is the highest common divisor of 349597 and 730?
73
Calculate the highest common divisor of 258 and 400287.
129
What is the greatest common factor of 2 and 2798?
2
Calculate the highest common divisor of 317 and 6250289.
317
Calculate the highest common divisor of 6117125 and 105.
35
What is the highest common factor of 519 and 328873?
173
What is the greatest common factor of 264476 and 2220?
148
Calculate the greatest common divisor of 13320 and 176040.
360
What is the greatest common factor of 450 and 239750?
50
What is the highest common divisor of 6 and 270111?
3
Calculate the greatest common factor of 7840 and 122745.
245
What is the greatest common factor of 480 and 328?
8
Calculate the highest common factor of 3120 and 11635.
65
What is the highest common factor of 235070 and 110?
110
Calculate the highest common factor of 201 and 914751.
201
Calculate the highest common factor of 60382 and 9709.
133
What is the greatest common factor of 19589 and 1064?
19
Calculate the greatest common divisor of 35 and 2447585.
35
What is the highest common divisor of 21975 and 6900?
75
What is the highest common divisor of 588 and 637?
49
What is the greatest common factor of 17956 and 2881?
67
Calculate the greatest common factor of 1283796 and 108.
108
Calculate the highest common factor of 86208 and 1408.
64
Calculate the highest common divisor of 69887 and 357.
17
Calculate the highest common divisor of 102 and 2867441.
17
What is the highest common factor of 9958 and 377?
13
What is the highest common divisor of 71167 and 17?
1
Calculate the greatest common factor of 29862 and 177282.
378
Calculate the greatest common factor of 192 and 3576.
24
Calculate the highest common divisor of 39357 and 9.
9
What is the highest common factor of 3618232 and 8?
8
Calculate the greatest common divisor of 323 and 10132.
17
Calculate the highest common divisor of 238 and 409122.
238
What is the greatest common divisor of 21902 and 282?
94
What is the highest common divisor of 105792 and 4944?
48
Calculate the highest common factor of 42903 and 9.
9
Calculate the greatest common factor of 7274389 and 29.
29
What is the highest common divisor of 17330 and 470?
10
What is the highest common divisor of 172 and 311449?
43
What is the highest common factor of 495 and 381843?
99
What is the highest common factor of 11208 and 40?
8
Calculate the highest common factor of 43 and 1765838.
43
What is the highest common factor of 400 and 1810?
10
Calculate the highest common factor of 2489 and 136819.
19
Calculate the highest common factor of 52 and 4852.
4
Calculate the highest common factor of 1766380 and 1850.
370
What is the highest common divisor of 5111 and 29859?
269
Calculate the greatest common factor of 5272 and 5496.
8
Calculate the highest common factor of 7663 and 2133.
79
Calculate the greatest common factor of 183 and 18954.
3
What is the greatest common factor of 1220 and 1370?
10
What is the highest common divisor of 288887 and 307?
307
What is the greatest common divisor of 770 and 99022?
154
Calculate the highest common factor of 191 and 2385781.
191
What is the greatest common factor of 6920905 and 155?
155
What is the greatest common divisor of 1344320 and 320?
320
What is the highest common divisor of 195232 and 12?
4
Calculate the highest common factor of 7412 and 85.
17
What is the highest common divisor of 22774 and 472?
118
Calculate the highest common factor of 1914 and 2948.
22
What is the greatest common factor of 48420 and 3?
3
What is the greatest common factor of 347249 and 113?
113
What is the greatest common factor of 225 and 5275?
25
What is the greatest common divisor of 5452 and 7614?
94
Calculate the greatest common divisor of 1228742 and 4456.
1114
What is the highest common divisor of 12687 and 48?
3
What is the highest common factor of 21554 and 182?
26
Calculate the highest common divisor of 133 and 243831.
7
What is the greatest common factor of 617919 and 7587?
843
What is the greatest common divisor of 5609438 and 122?
122
Calculate the highest common divisor of 320880 and 1920.
240
Calculate the highest common divisor of 4340 and 510.
10
Calculate the greatest common factor of 533462 and 46.
46
What is the highest common factor of 597828 and 24?
12
What is the highest common factor of 966696 and 3384?
1128
Calculate the highest common factor of 36 and 18882.
18
What is the greatest common factor of 40026 and 42?
42
Calculate the highest common divisor of 912 and 2100944.
304
What is the greatest common divisor of 7840 and 1056?
32
What is the greatest common factor of 444 and 395974?
74
Calculate the greatest common divisor of 129128 and 8.
8
What is the highest common factor of 1 and 13807?
1
What is the highest common divisor of 284400 and 9?
9
What is the highest common factor of 7 and 3495625?
7
Calculate the highest common divisor of 936497 and 1502.
751
What is the highest common divisor of 11772 and 88508?
436
What is the greatest common factor of 8 and 1079?
1
Calculate the greatest common factor of 17061 and 363.
363
What is the highest common divisor of 4 and 9818?
2
What is the greatest common factor of 104 and 831298?
26
Calculate the highest common factor of 15437 and 7898.
359
Calculate the highest common divisor of 765 and 1028160.
765
Calculate the highest common factor of 997354 and 530.
106
Calculate the highest common factor of 807690 and 1140.
570
What is the greatest common divisor of 39843 and 285?
57
Calculate the highest common factor of 9102 and 3774.
222
What is the greatest common divisor of 630 and 144690?
210
Calculate the greatest common factor of 4701257 and 407.
407
Calculate the greatest common divisor of 22041 and 1395.
279
What is the highest common factor of 25927 and 176?
11
What is the greatest common factor of 763 and 133?
7
What is the greatest common divisor of 222171 and 103?
103
Calculate the greatest common divisor of 42449 and 935.
187
Calculate the highest common factor of 6888 and 107625.
861
What is the highest common divisor of 14 and 10577?
7
Calculate the greatest common divisor of 264 and 75900.
132
What is the greatest common divisor of 4015 and 51830?
365
What is the highest common factor of 90489 and 434?
217
What is the greatest common divisor of 464 and 202512?
16
Calculate the highest common divisor of 115626 and 70.
14
What is the greatest common factor of 175 and 3860?
5
What is the greatest common factor of 108 and 575532?
108
Calculate the highest common factor of 847075 and 248.
31
Calculate the highest common divisor of 305 and 135.
5
Calculate the greatest common factor of 98169 and 129.
129
Calculate the greatest common divisor of 636072 and 408.
408
What is the highest common factor of 115346 and 107?
107
What is the greatest common factor of 2860779 